 (base 12) in base 15?
-9
What is -2a (base 11) in base 2?
-100000
What is -4 (base 14) in base 16?
-4
Convert -1 (base 4) to base 15.
-1
98 (base 11) to base 4
1223
0 (base 5) to base 10
0
0 (base 2) to base 9
0
What is -8 (base 11) in base 12?
-8
What is 311 (base 8) in base 16?
c9
Convert -100010 (base 2) to base 12.
-2a
What is 0 (base 16) in base 6?
0
What is 7 (base 14) in base 16?
7
11101 (base 2) to base 12
25
Convert 50 (base 10) to base 6.
122
-262 (base 11) to base 13
-1ab
What is 10 (base 10) in base 4?
22
Convert 5 (base 6) to base 9.
5
Convert -341 (base 5) to base 12.
-80
Convert -11110 (base 2) to base 15.
-20
-10100001 (base 2) to base 3
-12222
Convert -21 (base 6) to base 10.
-13
What is -13 (base 16) in base 3?
-201
34 (base 14) to base 13
37
What is 0 (base 16) in base 2?
0
Convert 3 (base 15) to base 4.
3
What is -3 (base 8) in base 9?
-3
What is -165 (base 8) in base 4?
-1311
Convert 15 (base 10) to base 8.
17
What is -24 (base 12) in base 6?
-44
Convert -68 (base 15) to base 7.
-200
What is 32 (base 8) in base 16?
1a
Convert -68 (base 11) to base 16.
-4a
What is 3 (base 5) in base 3?
10
What is 3 (base 8) in base 3?
10
-3 (base 12) to base 2
-11
-47 (base 8) to base 5
-124
What is 1 (base 14) in base 3?
1
What is -11 (base 16) in base 6?
-25
Convert -1110000 (base 2) to base 3.
-11011
What is 3 (base 13) in base 6?
3
Convert -2 (base 6) to base 10.
-2
16 (base 12) to base 4
102
What is 10 (base 8) in base 10?
8
-16 (base 16) to base 9
-24
2 (base 5) to base 8
2
Convert 22 (base 14) to base 3.
1010
What is -1b (base 14) in base 10?
-25
-35 (base 7) to base 14
-1c
What is 21201 (base 3) in base 9?
251
What is 3 (base 7) in base 3?
10
What is 25 (base 7) in base 6?
31
-2 (base 10) to base 6
-2
What is 19 (base 12) in base 8?
25
Convert -15 (base 7) to base 11.
-11
What is 1 (base 11) in base 12?
1
Convert -2142 (base 5) to base 10.
-297
Convert 0 (base 15) to base 14.
0
Convert -15 (base 7) to base 9.
-13
What is -244 (base 5) in base 10?
-74
0 (base 11) to base 2
0
Convert -2 (base 10) to base 6.
-2
Convert -2 (base 10) to base 11.
-2
Convert 117 (base 11) to base 3.
12011
What is a3 (base 16) in base 12?
117
Convert 1312 (base 4) to base 15.
7d
Convert -7 (base 8) to base 9.
-7
-10 (base 4) to base 14
-4
Convert -6 (base 14) to base 5.
-11
-35 (base 13) to base 3
-1122
Convert 52 (base 6) to base 8.
40
20 (base 15) to base 10
30
Convert 15 (base 10) to base 14.
11
Convert -6 (base 8) to base 13.
-6
-103 (base 8) to base 13
-52
-145 (base 7) to base 10
-82
-122 (base 3) to base 9
-18
-3 (base 15) to base 10
-3
0 (base 5) to base 16
0
Convert -32 (base 4) to base 10.
-14
What is -4c (base 15) in base 12?
-60
Convert -11000 (base 2) to base 13.
-1b
Convert -4 (base 11) to base 15.
-4
Convert -1 (base 15) to base 3.
-1
-143 (base 5) to base 9
-53
What is -1234 (base 6) in base 15?
-15a
What is -325 (base 9) in base 5?
-2031
Convert 3 (base 12) to base 15.
3
What is 111 (base 2) in base 14?
7
What is 3 (base 12) in base 2?
11
-462 (base 7) to base 11
-1a9
-5 (base 14) to base 8
-5
27 (base 16) to base 7
54
Convert 41 (base 6) to base 13.
1c
What is a (base 13) in base 6?
14
-110000 (base 2) to base 10
-48
-4 (base 13) to base 3
-11
1 (base 5) to base 7
1
Convert -27 (base 10) to base 16.
-1b
What is -3 (base 10) in base 12?
-3
2 (base 6) to base 3
2
Convert -2 (base 6) to base 15.
-2
Convert -17 (base 14) to base 4.
-111
-41 (base 7) to base 14
-21
21 (base 13) to base 4
123
28 (base 13) to base 9
37
What is 1b (base 13) in base 4?
120
What is -3 (base 5) in base 11?
-3
What is -27 (base 8) in base 4?
-113
What is -2 (base 8) in base 4?
-2
Convert 56 (base 15) to base 12.
69
Convert 1 (base 6) to base 10.
1
Convert -28 (base 10) to base 9.
-31
What is -613 (base 8) in base 11?
-32a
17 (base 11) to base 12
16
5 (base 6) to base 2
101
Convert -222 (base 8) to base 2.
-10010010
-3 (base 16) to base 7
-3
What is -242 (base 9) in base 12?
-148
What is -3c (base 14) in base 9?
-60
-1 (base 2) to base 10
-1
Convert 69 (base 16) to base 5.
410
50 (base 11) to base 12
47
10 (base 15) to base 12
13
What is -4 (base 11) in base 16?
-4
What is 15 (base 11) in base 16?
10
What is -a7 (base 12) in base 6?
-331
Convert -1 (base 8) to base 7.
-1
Convert 23 (base 6) to base 5.
30
Convert -36 (base 10) to base 7.
-51
Convert -b2 (base 13) to base 11.
-122
12 (base 4) to base 5
11
What is -100000 (base 2) in base 14?
-24
What is 4 (base 16) in base 2?
100
7 (base 8) to base 9
7
Convert -2 (base 16) to base 5.
-2
Convert -14 (base 5) to base 9.
-10
Convert -11 (base 2) to base 9.
-3
203 (base 4) to base 14
27
0 (base 14) to base 8
0
What is 8 (base 11) in base 2?
1000
What is 0 (base 7) in base 2?
0
Convert -100000 (base 2) to base 15.
-22
What is 4 (base 13) in base 6?
4
What is 22200 (base 3) in base 10?
234
-23 (base 5) to base 9
-14
Convert 87 (base 9) to base 16.
4f
What is -3 (base 14) in base 7?
-3
What is 302 (base 6) in base 9?
132
What is 0 (base 5) in base 10?
0
Convert 121 (base 6) to base 12.
41
Convert 0 (base 5) to base 10.
0
Convert -25 (base 10) to base 12.
-21
252 (base 10) to base 8
374
What is 341 (base 8) in base 5?
1400
Convert -5 (base 9) to base 15.
-5
Convert 58 (base 9) to base 5.
203
Convert -71 (base 15) to base 14.
-78
What is 10 (base 16) in base 7?
22
101 (base 2) to base 13
5
Convert -11 (base 10) to base 4.
-23
-1 (base 11) to base 10
-1
22 (base 3) to base 12
8
103 (base 4) to base 5
34
What is 0 (base 15) in base 4?
0
What is -217 (base 12) in base 9?
-371
Convert 5 (base 16) to base 14.
5
-5 (base 13) to base 4
-11
What is 51 (base 7) in base 16?
24
28 (base 11) to base 6
50
Convert 200 (base 3) to base 5.
33
What is -2 (base 3) in base 7?
-2
110101 (base 2) to base 11
49
What is 13 (base 14) in base 5?
32
What is -4 (base 14) in base 10?
-4
Convert -10220 (base 3) to base 4.
-1221
15 (base 16) to base 12
19
Convert -14 (base 5) to base 7.
-12
Convert 1020 (base 4) to base 2.
1001000
13 (base 12) to base 11
14
What is 75 (base 9) in base 8?
104
What is -11 (base 5) in base 8?
-6
What is 124 (base 5) in base 7?
54
Convert 5 (base 11) to base 6.
5
3 (base 4) to base 11
3
-17 (base 16) to base 9
-25
Convert -201 (base 3) to base 6.
-31
What is -100 (base 5) in base 14?
-1b
Convert 2b (base 14) to base 15.
29
Convert -10 (base 2) to base 14.
-2
Convert -32 (base 4) to base 5.
-24
8 (base 12) to base 13
8
What is -3 (base 4) in base 10?
-3
-11 (base 3) to base 11
-4
Convert 3 (base 11) to base 9.
3
13 (base 6) to base 7
12
Convert 20011 (base 3) to base 5.
1131
21 (base 14) to base 6
45
What is 3 (base 13) in base 12?
3
-23 (base 7) to base 14
-13
Convert 111 (base 3) to base 5.
23
Convert -5 (base 12) to base 7.
-5
-101 (base 2) to base 5
-10
What is -1220 (base 3) in base 16?
-33
-7 (base 16) to base 7
-10
What is -6 (base 11) in base 7?
-6
What is -51 (base 7) in base 12?
-30
Convert -3 (base 15) to base 4.
-3
2 (base 7) to base 13
2
Convert 0 (base 7) to base 16.
0
What is 32 (base 13) in base 12?
35
What is 2 (base 3) in base 5?
2
Convert 3e (base 15) to base 10.
59
Convert -15 (base 15) to base 12.
-18
What is -3 (base 5) in base 2?
-11
Convert -2 (base 5) to base 12.
-2
Convert 11 (base 4) to base 10.
5
-1 (base 5) to base 7
-1
What is 12102 (base 4) in base 6?
1510
What is -7 (base 10) in base 2?
-111
15 (base 12) to base 15
12
Convert 1221 (base 3) to base 7.
103
16 (base 11) to base 3
122
-12 (base 7) to base 8
-11
41 (base 5) to base 16
15
-37 (base 9) to base 16
-22
What is -6 (base 14) in base 4?
-12
-31 (base 9) to base 8
-34
Convert 1 (base 16) to base 14.
1
What is 30 (base 11) in base 10?
33
What is -21 (base 11) in base 12?
-1b
What is -21 (base 3) in base 15?
-7
What is -5 (base 16) in base 3?
-12
Convert 124 (base 9) to base 3.
10211
Convert -1 (base 14) to base 2.
-1
Convert -116 (base 7) to base 16.
-3e
Convert 100 (base 2) to base 13.
4
What is -5 (base 12) in base 9?
-5
10 (base 9) to base 6
13
What is 6 (base 15) in base 5?
11
23 (base 7) to base 13
14
1 (base 3) to base 9
1
0 (base 12) to base 10
0
Convert -1010 (base 2) to base 11.
-a
What is -301 (base 4) in base 13?
-3a
What is 175 (base 8) in base 12?
a5
3 (base 11) to base 15
3
2 (base 11) to base 2
10
-2 (base 14) to base 16
-2
W